be (-1 - n) + -4 + 5. Suppose 3*p = -4*h + 369, -2*h - b*h + 374 = 2*p. What is the greatest common factor of h and 12?
12
Suppose -2*y - 4*b + 135 = -333, -4*b + 916 = 4*y. Calculate the highest common factor of 714 and y.
14
Suppose 176*o - 70642 = 157*o. What is the greatest common divisor of 44 and o?
22
Suppose 135*f + 2*r + 7542 = 140*f, -5*f = 3*r - 7562. What is the greatest common divisor of 15 and f?
5
Suppose -26*u + 22 + 406 = -274. Let k be 22/4*(2 - -16). Calculate the greatest common divisor of u and k.
9
Let l be (1/2)/(-11 + 142472/10176 + -3). Calculate the greatest common divisor of 60 and l.
12
Suppose 0 = z - 0*z + 5*i - 82, i - 338 = -5*z. Let v be ((-2210)/1326)/(10/(-1608)). What is the greatest common divisor of v and z?
67
Let w(g) = 3*g**2 - 8*g - 2. Let i be w(-3). Suppose -h + 2*h - 7 = 0. Calculate the greatest common divisor of i and h.
7
Let v = 1721 + -1655. Calculate the greatest common factor of 54 and v.
6
Suppose 4*q = -2 + 18. Let i be 4 - ((-42)/70 - (-132)/20). Let j be i - (-5 + -40)/(2/q). Calculate the highest common divisor of j and 8.
8
Suppose 3*g - 24 = s - 17, 4*g - 4 = -4*s. Let q = g + 134. Calculate the highest common divisor of 51 and q.
17
Suppose s - 359 - 5069 = 0. What is the highest common divisor of 118 and s?
118
Let c(u) = 15*u - 195. Let m be c(13). Suppose m = -6*g - 100 + 748. Calculate the greatest common divisor of 24 and g.
12
Let r = 6067 - 2263. What is the greatest common factor of 24 and r?
12
Let f(d) = 3*d**3 - 320*d**2 + 216*d + 11. Let p be f(106). Calculate the greatest common factor of p and 5307.
87
Let j(w) = 19*w**2 - 100*w - 199. Let y be j(-2). Calculate the greatest common divisor of 209 and y.
11
Suppose -3*r + 1528 = -5*p - 11793, -5*r - p + 22155 = 0. What is the greatest common factor of 1385 and r?
277
Let g be 171/342 - (1 - (-50)/(-4)). What is the greatest common divisor of g and 3072?
12
Let t = 391 - 383. Suppose 35*x = t*x + 2862. What is the greatest common factor of 53 and x?
53
Suppose -243 = -5*n + 4*l, l = 2*n - 3*l - 102. Let w(f) = -9*f + 11*f - 7*f - n. Let k be w(-11). What is the greatest common divisor of 6 and k?
2
Let q be (-48)/(-112) - (-77313)/21. Calculate the highest common factor of q and 7.
7
Let f(r) = r**2 + 34*r - 11. Let n be f(-35). Let j = 3 + 18. Suppose j = 3*q + 5*g - 51, -q + 4*g = -24. Calculate the greatest common factor of q and n.
24
Let q be 385/4 - 15/(-20). Let t = q - 9. Let j be (44/(-3))/((-52)/78). Calculate the greatest common divisor of t and j.
22
Suppose 5*t + 5*m = 380, -177 = 5*t + 3*m - 549. Suppose 80 = -179*q + 181*q. What is the highest common factor of q and t?
8
Let k be (-1 - -4)/(111/140859). Calculate the greatest common divisor of k and 27.
27
Let q = 104 + -16. Let o be (-3)/(792/(-256) - -3). Suppose 2*d = -2*c + 40, -3*c + o = d - 8*c. Calculate the greatest common divisor of q and d.
22
Let t be (1/2)/((-17)/1632). Let g be (-9)/(-6)*(-3232)/t + -6. Calculate the greatest common divisor of g and 95.
95
Suppose 40*h = -4*c + 38*h + 286, 149 = 2*c + 3*h. Let u(a) = 26*a**2 - 1. Let w be u(1). What is the greatest common divisor of c and w?
5
Suppose -4*s = -16*s - 120. Let n be 3*(-2 + (1 - s)). Suppose 3*y - 6*y = -n. Calculate the highest common divisor of 27 and y.
9
Let z(s) = -842*s - 9887. Let x be z(-12). Let j be 2/8 - (-123)/4. Calculate the greatest common factor of x and j.
31
Suppose 31*b + 12762 + 15355 = 0. Let a = b + 1211. Calculate the greatest common factor of 38 and a.
38
Let i be ((-4)/(-3))/((-1)/(-15)). Let s be (i - 2) + (-2*1)/1. Let n be 2 - 9/((-36)/s). What is the greatest common divisor of 4 and n?
2
Let p = 128 + -123. Let h be p/((-30)/(-94)) + (-4)/6. What is the greatest common divisor of h and 5?
5
Suppose -3*z + 15 = 0, -z + 7 = 3*f - 5*f. Let x be ((-14)/8 - f)*(-4 - -8). Let w be (x - 8*2/(-6))*-42. Calculate the greatest common divisor of w and 7.
7
Suppose -3*f - 31*q + 2908 = -29*q, 0 = -f - 3*q + 967. What is the greatest common factor of f and 291?
97
Suppose -182*v - 117*v + 80*v + 14892 = 0. Calculate the highest common factor of 2108 and v.
68
Suppose 4*f + 16 = 0, 7*y - 8*y - f + 234 = 0. What is the highest common divisor of 102 and y?
34
Suppose 31*w = 320 + 286 + 169. Calculate the greatest common factor of 155 and w.
5
Suppose n = -2, -3*q + 3*n + 28 = -2*n. Let y be (-76)/q*(-9)/6. Let u(j) = -173*j + 3901. Let g be u(22). What is the greatest common divisor of g and y?
19
Let a = -6 + 12. Let t be (-3 + (-165)/25)*-10. Suppose 2134*m + t = 2142*m. What is the greatest common factor of a and m?
6
Suppose 2*z + 5*s = 851, z = -1242*s + 1245*s + 387. Calculate the highest common factor of 306 and z.
102
Suppose 3*g + 420 = 3*n, 22*n - 26*n + 560 = -2*g. What is the greatest common divisor of 665 and n?
35
Let p = -682 - -697. Suppose -2*f = 2*q - 245 - 117, 337 = 2*f - 3*q. Suppose -5*y - f = -1001. Calculate the highest common divisor of y and p.
15
Suppose -261 = k - 265. Suppose 0 = k*w - 7*u + 6*u - 49, -u = -3. What is the greatest common divisor of w and 221?
13
Suppose 70*x - 68*x - k - 2308 = 0, -5750 = -5*x + 5*k. What is the highest common factor of 6 and x?
6
Let t = 119 + -67. Suppose -12 + t = 5*k. Suppose 4*s - h = 21, -3*s + k*s - 21 = -4*h. Calculate the greatest common divisor of 55 and s.
5
Let s = 25 - 20. Suppose 0 = -4*h + 4*x + 168, s*x - 4*x = 3. Let n = 1 + 8. What is the highest common divisor of h and n?
9
Let l(h) = -26*h**2 + 601*h - 30. Let j be l(15). Calculate the highest common factor of 2375 and j.
95
Let g = 41 + -27. Let t = 228 + -678. Let a be t/(-4) - ((-34)/4 - -9). Calculate the greatest common divisor of g and a.
14
Let z = -45711 + 48786. What is the highest common divisor of z and 825?
75
Suppose 5*r + 3*x = -x + 33, -4*r + 4*x + 48 = 0. Suppose -r*p + 97 = -137. What is the greatest common factor of 4 and p?
2
Suppose -27*y - 425 = -2*y. Let k(m) = -8*m - 97. Let f be k(y). What is the greatest common divisor of f and 3?
3
Let g = -4340 - -4370. Calculate the highest common divisor of g and 30.
30
Suppose -4*x + 8828*i + 143 = 8823*i, 3*i - 33 = -3*x. Let o = -780 + 1374. Calculate the greatest common factor of o and x.
22
Suppose -2*b = a - 5, -3*b + 6*a = 9*a - 15. Suppose -14*z + 18*z - 588 = b. What is the highest common factor of z and 42?
21
Let l be -18*(1 - (3 + -1)). Let f(y) = y**2 - 125*y - 3414. Let m be f(-24). What is the greatest common factor of l and m?
18
Suppose 5*q - 855 - 1015 = 0. Let i = q - 357. What is the highest common factor of 289 and i?
17
Suppose 2*c - 2738 = 176. Calculate the greatest common factor of 141 and c.
47
Let q be (-9 - -1) + 70 + -16. Calculate the highest common factor of 1058 and q.
46
Suppose 3*j = 243 + 417. Let d = 47535 - 47403. What is the highest common factor of d and j?
44
Let w(v) = v**3 + 18*v**2 - 39*v + 20. Let u be w(-20). Suppose u = -3*m - 9, -t + 50 = 2*m + 18. Calculate the highest common factor of t and 114.
38
Let n(c) = -c**3 - 7*c**2 - 5*c + 7. Let s be n(-6). Let q(h) = 360*h + 1817. Let x be q(-5). Let p = x - s. Calculate the highest common divisor of p and 144.
16
Suppose 73 + 59 = q. Let n = q + -82. What is the greatest common divisor of n and 20?
10
Let o = -3627 - -3655. Calculate the highest common factor of 56 and o.
28
Let p(j) = 29*j - 62. Let z be p(30). Suppose 0 = -22*s + 3096 - z. What is the greatest common factor of s and 8?
8
Let p = 136724 + -136544. Let o(l) = 5*l**2. Let w(d) = -d**2 + 5*d + 8. Let n be w(6). Let q be o(n). Calculate the greatest common divisor of p and q.
20
Suppose 0 = -2*q + 2*o + 2, 5*q + 5*o = 2*o + 29. Suppose 22 = 3*w + q*p, 0*w + 36 = 4*w + 4*p. What is the highest common factor of w and 2?
2
Let l = 750 + -466. Suppose 19*g - l = 590. Suppose -5*w + 403 = -172. What is the highest common factor of g and w?
23
Suppose 3*u = 3*n - 12, -u = -3*n - 0*u + 8. Suppose -7*o + n*o = 10. Let v be (-5)/o*(-6)/(-3). What is the greatest common divisor of 20 and v?
5
Suppose -3*k + 2*z = -14658, 98*z = -4*k + 99*z + 19544. Calculate the greatest common divisor of k and 7.
7
Suppose 48 = 2*u + 4*b, -3*b + 2*b = -2*u + 33. Let q be (u + -2 - -4)/1. Let i = q + 0. What is the greatest common factor of 